5). Calculate the highest common factor of w and 1003.
17
Let s be ((-3)/(-6))/(4/72). Let b be (-2)/6 - (5 - 75/s). Suppose -5*m + 4 = -6, -f - m + 14 = 0. Calculate the greatest common factor of b and f.
3
Suppose 0 = g + 5*g - 60. What is the highest common factor of 30 and g?
10
Let t be 1380/(-40)*(1 - 28/12). What is the highest common divisor of t and 138?
46
Suppose -8 + 0 = -4*c. Suppose b - c*b = -29. What is the highest common factor of b and 29?
29
Let o = -137 + 193. What is the highest common factor of o and 154?
14
Let l = -1572 - -1602. What is the greatest common divisor of l and 15?
15
Let z = -52 - -187. Calculate the greatest common divisor of z and 5.
5
Suppose 6*l - 30 = 72. Let n = l + -7. Suppose 3*d - 2*q = 178, -2*q - 168 = 5*d - 470. Calculate the greatest common divisor of n and d.
10
Let c(l) = -3*l**2 - 18*l - 2. Let n be c(-5). Let g = 104 + 13. What is the highest common factor of g and n?
13
Suppose 5*i - 5*u = 270, 4*u - 2*u = 4. Calculate the greatest common factor of i and 56.
56
Suppose 0 = -2*q - 4*m - 34, -6*q + 10*q - 5*m = -16. Let t be 14 + q/((-9)/2). Calculate the highest common factor of t and 80.
16
Let u = 12 + -8. Let p(q) = -20*q - 177. Let t be p(-9). Suppose 3*k + t*r - 285 = -0*k, -u*k + 386 = 2*r. What is the greatest common divisor of k and 14?
14
Suppose 3*p = 19*p + 2688. Let l = -126 - p. Calculate the greatest common divisor of l and 28.
14
Let p(c) = -4*c - 20. Let m be p(-6). Let o be 12 - (8 + -2)*m/8. What is the greatest common factor of 36 and o?
9
Let p(j) = 10*j - 175. Let v be p(19). What is the highest common factor of 80 and v?
5
Let i be ((-36)/(-5))/((-369)/(-180) + -2). What is the greatest common factor of i and 18?
18
Suppose 2*u + t + 42 = -u, -2*t + 70 = -5*u. Let f = -11 - u. Let q be (-23)/(9/f - 4). Calculate the highest common divisor of 207 and q.
23
Suppose 2*b + 1359 = 4*x + b, -3*x = -2*b - 1013. Suppose z = 9*z - 248. Calculate the highest common divisor of z and x.
31
Let x be (-19)/((-190)/40) + 30/5. Suppose -4*c + 7*c - 90 = 0. What is the greatest common factor of x and c?
10
Let b(l) = -l + 4. Let f be b(-5). Let z(y) = -y**3 - 5*y**2 - 26*y - 25. Let g be z(-4). What is the highest common divisor of g and f?
9
Let a be 50 - (0 + -1 + 0). Suppose 3*l - z = a, 6 - 91 = -5*l + 5*z. Let b be ((-17)/3)/(2/(-6)). What is the highest common factor of b and l?
17
Let l = 1027 + -449. Let t = l - 407. Calculate the highest common factor of t and 9.
9
Let o be -2*(3/(-2) - 1). Let x(z) = 3 - 2 - 3*z**2 - z**3 + 2*z**2. Let g be x(-2). Calculate the greatest common divisor of g and o.
5
Suppose -50*k + 23*k = -2052. What is the greatest common divisor of k and 190?
38
Let n(l) = -l**3 - 9*l**2 - 13*l + 9. Let j be n(-7). Suppose 0*r - r = -j. What is the greatest common factor of 6 and r?
2
Suppose -5*p = 5*q - 195, -q + 36 = p + 3*p. Let z(n) = -n**3 - 2*n - 1. Let x be z(-1). Suppose x*h + 3 = 23. What is the greatest common factor of h and q?
10
Let v be ((-18)/(-3))/((-6)/(-8)). Suppose 3*k - 7 = v. Suppose 2*d - k*g = -5 + 29, 5*g = -10. What is the greatest common factor of d and 56?
7
Suppose b - 4*m = 5*b - 40, -3*m + 6 = 0. Let j = -92 + 156. What is the highest common factor of j and b?
8
Suppose 0 = c - 2*d - 9, 0 = -5*c + 9*c - 3*d - 31. Calculate the highest common factor of 224 and c.
7
Suppose b - 52 = -5*k, 4*k - 55 = 3*b - 2. Calculate the greatest common factor of k and 187.
11
Let y be 42/9 + (-1)/(-3). Suppose u + 53 = 5*r, 0 = -y*r - 7*u + 3*u + 38. What is the highest common factor of r and 110?
10
Let t = -49 - 20. Let n = t + 113. Calculate the highest common divisor of 4 and n.
4
Suppose 0 = 2*n + v - 71, -n - v - 31 = -2*n. Calculate the greatest common divisor of 51 and n.
17
Suppose 7*w + 48 = -8. Let z be (-2)/(-3)*264/(-32)*w. What is the greatest common divisor of 484 and z?
44
Let t(w) = -w**3 - 42*w**2 - 35*w + 258. Let z be t(-41). What is the highest common divisor of 1356 and z?
12
Suppose -5*x - 3*x = 80. Let h be (x/1)/((-55)/22). Suppose -96 = -4*t + t. Calculate the highest common factor of h and t.
4
Suppose -3*t - 3 = -27. Suppose 0 = 4*u - l - t, 3*u + 1 = -l + 7. Suppose -u*o = -21 - 19. What is the highest common factor of o and 8?
4
Let t(z) = 124*z**2 - 18*z + 6. Let p be t(-3). Calculate the highest common factor of p and 8.
8
Let w(h) = 23*h**2 - 2*h - 1. Let z be w(-1). Suppose 2 = -4*g - 6, -2*o = 3*g - z. Calculate the highest common divisor of 5 and o.
5
Let u = -885 - -926. What is the greatest common factor of u and 779?
41
Let f be (-966)/(-4) + ((-351)/18)/(-13). What is the greatest common factor of 9 and f?
9
Let c(p) be the first derivative of -p**2/2 + 15*p + 1. Let l be c(11). Suppose -80 = -2*s - 8. Calculate the highest common factor of s and l.
4
Let i = -157 - -197. Calculate the greatest common factor of 50 and i.
10
Suppose -2852*z + 2876*z = 216. Let y be 2/8 - (-70)/8. Calculate the greatest common divisor of y and z.
9
Let a(f) = -9*f**3 - 2*f - 1. Let v be a(-2). Let q = -8 + 13. Suppose -10 = -q*r + v. Calculate the highest common divisor of 17 and r.
17
Let o be -3*(180/(-12) + -5). What is the greatest common divisor of o and 560?
20
Let c(l) = -l + 24. Let d be c(18). Let j(v) = 4*v + 2. Let n be j(d). What is the greatest common divisor of 65 and n?
13
Let y(d) = -d + 18. Let g be y(-10). Suppose 3*h + h + z + 355 = 0, -3*h - z - 265 = 0. Let m = h + 160. Calculate the greatest common divisor of g and m.
14
Let u = 84 - 38. Let a = u - 42. What is the highest common factor of 10 and a?
2
Suppose 0 = 6*l - 182 + 2. Let a be (153/18)/(-17) + (-62)/(-4). Calculate the greatest common factor of l and a.
15
Let k(w) be the first derivative of -w**4/4 - 10*w**3/3 - 5*w**2/2 - 11*w + 6. Let c be k(-9). Let d = -39 - c. What is the greatest common factor of d and 56?
8
Suppose -2*a - 28 - 50 = -4*o, -2*a = -3*o + 60. Calculate the greatest common divisor of o and 774.
18
Suppose 0 = 3*l - 9*l + 288. Let v = -12 + 15. What is the greatest common factor of l and v?
3
Suppose 3*b - b + 3*q - 8 = 0, b - 3*q - 4 = 0. Let x be ((-240)/36)/20 + (-194)/(-6). Calculate the greatest common divisor of b and x.
4
Let g = 11 - -25. What is the highest common factor of g and 588?
12
Let t = -9501 + 9505. Suppose 3*d = -12 + 96. Calculate the greatest common factor of d and t.
4
Let q(g) = -3*g**2 - 121*g - 645. Let m be q(-33). Suppose -4*y - 27 = -7*y. Calculate the greatest common factor of m and y.
9
Let u = 53 + 20. Suppose g = -2*r + u, r = 5*g - r - 317. Let m(f) = -8*f + 2. Let l be m(-3). Calculate the greatest common divisor of g and l.
13
Let k(b) = -b**2 + 7*b - 2. Let a be k(6). Suppose -a*v = -5*v + 6. Calculate the greatest common divisor of v and 30.
6
Suppose 3 = 2*u - 5. Suppose u*i = 36 + 8. Calculate the greatest common factor of i and 11.
11
Let w(s) = 3*s - 2. Let j(x) = 6*x - 5 + 10*x + x**2 - 8*x. Let d(o) = 3*j(o) - 8*w(o). Let l be d(1). Calculate the greatest common divisor of l and 36.
4
Let g be 51154/30 - (-16)/(-120). Suppose 0 = -2*n - 3*n + g. Let l = n - 220. What is the highest common divisor of 11 and l?
11
Let k(d) = d**3 - 7*d**2 + 1. Let j be k(7). What is the highest common divisor of j and 97?
1
Let b = 95 - 92. Suppose -y + 3*h + 88 = -43, -b*h = -5*y + 703. Calculate the highest common divisor of y and 13.
13
Suppose 113 = 5*o - k, -2*o + 5*k + 58 = -1. Calculate the highest common divisor of o and 44.
22
Suppose 4*v + 284 = 4*a, -63 = -a - 10*v + 13*v. What is the greatest common divisor of a and 525?
75
Suppose m = -m + 136. Suppose -88 = -4*u - 20. What is the highest common factor of u and m?
17
Let q = -17 - -17. Suppose -s + 1 + q = 3*i, -3 = -3*s - 2*i. Suppose -5*d + 2*h = -97, 0*h = h + s. What is the highest common factor of 57 and d?
19
Let y be 14/(-35) - 4389/(-35). Let u = 58 + -33. Calculate the greatest common factor of y and u.
25
Suppose 8*f = -1 + 17. Suppose f*q = x + 5, q - 14 = -4*x - 7. Calculate the greatest common factor of 15 and q.
3
Let y(g) = 2*g**2 - 7*g + 1. Let c be y(4). Suppose 4*p = -s + 143, 175 = c*p + 3*s + 2*s. Calculate the highest common divisor of 12 and p.
12
Let q = 46 + -45. Let t be -7 + 40 + q*3. Calculate the highest